{"id":6317,"date":"2018-09-21T22:07:08","date_gmt":"2018-09-21T22:07:08","guid":{"rendered":"https:\/\/gourangaseva.com\/kirtan\/?page_id=6317"},"modified":"2019-08-23T04:21:00","modified_gmt":"2019-08-23T04:21:00","slug":"mridanga","status":"publish","type":"page","link":"https:\/\/gourangaseva.com\/kirtan\/mridanga\/","title":{"rendered":"Mridanga"},"content":{"rendered":"<div id=\"pl-6317\"  class=\"panel-layout\" ><div id=\"pg-6317-0\"  class=\"panel-grid panel-no-style\" ><div id=\"pgc-6317-0-0\"  class=\"panel-grid-cell\" ><div id=\"panel-6317-0-0-0\" class=\"so-panel widget widget_text panel-first-child panel-last-child\" data-index=\"0\" ><h3 class=\"widget-title\">Um dos sons mais venerados e desfrutados, que representa uma das facetas da espiritualidade da \u00cdndia e da cultura oriental indiana, \u00e9 o da mrdanga.<\/h3>\t\t\t<div class=\"textwidget\"><p>A mrdanga teve seu advento aproximadamente quinhentos anos atr\u00e1s, por meados de 1.400, quando o Senhor Caitanya Mahaprabhu apareceu na Terra.<\/p>\n<p>A palavra mrdanga vem das palavras \u201cMRIT\u201d e \u201cANGA\u201d que significam \u201cbarro\u201d e \u201c corpo\u201d, respectivamente. Como se pode deduzir da defini\u00e7\u00e3o literal, a mrdanga original \u00e9 feita de barro.<\/p>\n<p>Quase no final de Dvapara Yuga, quando se aproximava a entrada de Kali Yuga, o Senhor Krsna preparava-se para aparecer neste mundo na forma do Senhor Caitanya Mahaprabhu para difundir as gl\u00f3rias dos Santos Nomes em cada vila e cidade.<\/p>\n<p>Ent\u00e3o Krsna falou com sua flauta dessa maneira: \u201cMinha querida flauta, novamente descerei ao mundo material, mas n\u00e3o nesta forma. Voc\u00ea deve permanecer aqui com Radharani para lhe fazer companhia. Prometi a ela que n\u00e3o te levaria comigo\u201d. Ao ouvir essas palavras, a flauta come\u00e7ou a chorar e disse: \u201cMeu querido Senhor Krsna, como pode me deixar aqui sozinha? Sempre estou ao teu lado e agora me deixas? Que fiz para merecer isto\u201d?<\/p>\n<p>O Senhor Krsna respondeu compassivamente que ele a levaria, mas com uma forma diferente. A flauta n\u00e3o se importava em trocar sua forma, ela s\u00f3 queria permanecer ocupada no servi\u00e7o pessoal a Krsna.<\/p>\n<p>Deste modo, a flauta de Krsna se transformou em uma mrdanga e veio a este mundo junto com Caitanya Mahaprabhu. No entanto, surgiu um problema, pois ningu\u00e9m sabia como tocar este instrumento parecido com um tambor. O Senhor Caitanya ordenou a Gadadhara Pandita que tocasse a primeira mrdanga, mas este replicou que n\u00e3o tinha id\u00e9ia de como fazer. O Senhor Caitanya orou para a Deidade do senhor Jagannatha e come\u00e7ou a ensinar Gadadhara Pandita como tocar. Ele escrevia os mantras e Gadadhara Pandita os tocava.<\/p>\n<p>\u00c9 muito importante estabelecer que a mrdanga n\u00e3o \u00e9 um instrumento comum, pois ela \u00e9 muito querida por Krsna e \u00e9 completamente espiritual. \u00c9 a encarna\u00e7\u00e3o da flauta de Krsna na lila de Caitanya e \u00e9 considerada uma expans\u00e3o do Senhor Balarama na Terra.<\/p>\n<p>A mridanga \u00e9 considerada o cora\u00e7\u00e3o de um Kirtan, no Kirtan Seva o aluno aprender\u00e1 as batidas b\u00e1sicas, seus respectivos nomes e as combina\u00e7\u00f5es das mesmas e muito mais.<\/p>\n<\/div>\n\t\t<\/div><\/div><\/div><div id=\"pg-6317-1\"  class=\"panel-grid panel-no-style\" ><div id=\"pgc-6317-1-0\"  class=\"panel-grid-cell\" ><div id=\"panel-6317-1-0-0\" class=\"so-panel widget widget_empty-space panel-first-child panel-last-child\" data-index=\"1\" ><div class=\"thim-widget-empty-space template-base\"><div class=\"empty_space\" style=\"height:30px\"><\/div><\/div><\/div><\/div><\/div><div id=\"pg-6317-2\"  class=\"panel-grid panel-has-style\" ><div class=\"thim-buy-now thim-bg-overlay panel-row-style panel-row-style-for-6317-2\" ><div id=\"pgc-6317-2-0\"  class=\"panel-grid-cell\" ><div id=\"panel-6317-2-0-0\" class=\"so-panel widget widget_text panel-first-child panel-last-child\" data-index=\"2\" >\t\t\t<div class=\"textwidget\"><div class=\"thim-buy-now-desc\">\n<h3 class=\"heading\">Fa\u00e7a sua inscri\u00e7\u00e3o!<\/h3>\n<p class=\"description\">Clique no bot\u00e3o ao lado e comece a aprender agora.<\/p>\n<\/div>\n<\/div>\n\t\t<\/div><\/div><div id=\"pgc-6317-2-1\"  class=\"panel-grid-cell\" ><div id=\"panel-6317-2-1-0\" class=\"so-panel widget widget_button panel-first-child panel-last-child\" data-index=\"3\" ><div class=\"thim-widget-button template-base\"><a class=\"widget-button  normal\" href=\"https:\/\/gourangaseva.com\/kirtan\/account\/\">Inscreva-se<\/a><\/div><\/div><\/div><\/div><\/div><div id=\"pg-6317-3\"  class=\"panel-grid panel-no-style\" ><div id=\"pgc-6317-3-0\"  class=\"panel-grid-cell\" ><div id=\"panel-6317-3-0-0\" class=\"so-panel widget widget_empty-space panel-first-child\" data-index=\"4\" ><div class=\"thim-widget-empty-space template-base\"><div class=\"empty_space\" style=\"height:30px\"><\/div><\/div><\/div><div id=\"panel-6317-3-0-1\" class=\"so-panel widget widget_courses panel-last-child\" data-index=\"5\" ><div class=\"thim-widget-courses template-courses\">\t<div class=\"thim-widget-courses-wrapper\">\n\t\t<h3 class=\"widget-title\">M\u00f3dulos<\/h3>\t\t<div class=\"thim-course-grid thim-course-grid-instructor\">\n\t\t\t\t\t\t\t\t\t\t\t<div class=\"lpr_course course-grid-4\">\n\t\t\t\t\t<div class=\"course-item\">\n\t\t\t\t\t\t<div class=\"course-thumbnail\">\n\t\t\t\t\t\t\t<a href=\"https:\/\/gourangaseva.com\/kirtan\/cursos\/mridanga-introducao\/\">\n\t\t\t\t\t\t\t\t<img fetchpriority=\"high\" decoding=\"async\" src=\"https:\/\/gourangaseva.com\/kirtan\/wp-content\/uploads\/2019\/08\/Mrdanga.jpg\" alt=\"Mridanga &#8211; Introdu\u00e7\u00e3o\"  width=\"400\" height=\"267\">\t\t\t\t\t\t\t<\/a>\n\n\t\t\t\t\t\t\t<a class=\"course-readmore\" href=\"https:\/\/gourangaseva.com\/kirtan\/cursos\/mridanga-introducao\/\" >Leia mais<\/a>\t\t\t\t\t\t\t\n<div class=\"course-price\" itemprop=\"offers\" itemscope itemtype=\"http:\/\/schema.org\/Offer\">\n\n    <span class=\"course-item-price\"> <span class=\"price\">&#082;&#036; 140,00<\/span> <\/span>\n<\/div>\n\t\t\t\t\t\t<\/div>\n\n\t\t\t\t\t\t<div class=\"thim-course-content\">\n\t\t\t\t\t\t\t\n<div class=\"course-author\" itemscope itemtype=\"http:\/\/schema.org\/Person\">\n\t<a href=\"https:\/\/gourangaseva.com\/kirtan\/instructor\/jayakirtana\/\"><img decoding=\"async\" alt=\"User Avatar\" class=\"avatar\" src=\"\/\/www.gravatar.com\/avatar\/045682495856bdc5cfa28e786d5297d2?s=50&#038;r=g&#038;d=mm\" width=\"50\" height=\"50\" \/><\/a>\t<div class=\"author-contain\">\n\t\t<div class=\"value\" itemprop=\"name\">\n\t\t\t<a href=\"https:\/\/gourangaseva.com\/kirtan\/instructor\/jayakirtana\/\">Kirtana Teixeira<\/a>\t\t<\/div>\n\t<\/div>\n<\/div>\n<h2 class=\"course-title\"><a href=\"https:\/\/gourangaseva.com\/kirtan\/cursos\/mridanga-introducao\/\" rel=\"bookmark\">Mridanga &#8211; Introdu\u00e7\u00e3o<\/a><\/h2>\t\t\t\t\t\t\t\t<div class=\"course-meta\">\n\t\t\t\t\t\t\t\t\t<span><i class=\"lp-icon-user\"><\/i> 1000<\/span>\t\t\t\t\t\t\t\t\t\t<a href=\"https:\/\/gourangaseva.com\/kirtan\/categoria-curso\/mridanga\/\"> <i class=\"tk tk-tag1\"><\/i> Mridanga<\/a>\t\t\t\t\t\t\t\t\t\t\t\t\t\t\t\t\t<\/div>\n\t\t\t\t\t\t\t\t\t\t\t\t\t<\/div>\n\t\t\t\t\t<\/div>\n\t\t\t\t<\/div>\n\t\t\t\t\t\t\t\t\t\t\t<div class=\"lpr_course course-grid-4\">\n\t\t\t\t\t<div class=\"course-item\">\n\t\t\t\t\t\t<div class=\"course-thumbnail\">\n\t\t\t\t\t\t\t<a href=\"https:\/\/gourangaseva.com\/kirtan\/cursos\/learnpress-101\/\">\n\t\t\t\t\t\t\t\t<img decoding=\"async\" src=\"https:\/\/gourangaseva.com\/kirtan\/wp-content\/themes\/eduma\/images\/demo_images\/demo_image.jpg\" alt=\"Introduction LearnPress &#8211; LMS plugin\" >\t\t\t\t\t\t\t<\/a>\n\n\t\t\t\t\t\t\t<a class=\"course-readmore\" href=\"https:\/\/gourangaseva.com\/kirtan\/cursos\/learnpress-101\/\" >Leia mais<\/a>\t\t\t\t\t\t\t\n<div class=\"course-price free\" itemprop=\"offers\" itemscope itemtype=\"http:\/\/schema.org\/Offer\">\n\n    <span class=\"course-item-price\"><span class=\"free\">Free<\/span><\/span>\n<\/div>\n\t\t\t\t\t\t<\/div>\n\n\t\t\t\t\t\t<div class=\"thim-course-content\">\n\t\t\t\t\t\t\t\n<div class=\"course-author\" itemscope itemtype=\"http:\/\/schema.org\/Person\">\n\t<a href=\"https:\/\/gourangaseva.com\/kirtan\/instructor\/jayakirtana\/\"><img decoding=\"async\" alt=\"User Avatar\" class=\"avatar\" src=\"\/\/www.gravatar.com\/avatar\/045682495856bdc5cfa28e786d5297d2?s=50&#038;r=g&#038;d=mm\" width=\"50\" height=\"50\" \/><\/a>\t<div class=\"author-contain\">\n\t\t<div class=\"value\" itemprop=\"name\">\n\t\t\t<a href=\"https:\/\/gourangaseva.com\/kirtan\/instructor\/jayakirtana\/\">Kirtana Teixeira<\/a>\t\t<\/div>\n\t<\/div>\n<\/div>\n<h2 class=\"course-title\"><a href=\"https:\/\/gourangaseva.com\/kirtan\/cursos\/learnpress-101\/\" rel=\"bookmark\">Introduction LearnPress &#8211; LMS plugin<\/a><\/h2>\t\t\t\t\t\t\t\t<div class=\"course-meta\">\n\t\t\t\t\t\t\t\t\t<span><i class=\"lp-icon-user\"><\/i> 274<\/span>\t\t\t\t\t\t\t\t\t\t\t\t\t\t\t\t\t\t\t\t\t\t\t\t\t\t\t<\/div>\n\t\t\t\t\t\t\t\t\t\t\t\t\t<\/div>\n\t\t\t\t\t<\/div>\n\t\t\t\t<\/div>\n\t\t\t\t\t\t\t\t\t\t\t<div class=\"lpr_course course-grid-4\">\n\t\t\t\t\t<div class=\"course-item\">\n\t\t\t\t\t\t<div class=\"course-thumbnail\">\n\t\t\t\t\t\t\t<a href=\"https:\/\/gourangaseva.com\/kirtan\/cursos\/become-a-php-master-and-make-money-fast\/\">\n\t\t\t\t\t\t\t\t<img decoding=\"async\" src=\"https:\/\/gourangaseva.com\/kirtan\/wp-content\/uploads\/2015\/06\/course-2-2.jpg\" alt=\"Become a PHP Master and Make Money Fast\"  width=\"400\" height=\"230\">\t\t\t\t\t\t\t<\/a>\n\n\t\t\t\t\t\t\t<a class=\"course-readmore\" href=\"https:\/\/gourangaseva.com\/kirtan\/cursos\/become-a-php-master-and-make-money-fast\/\" >Leia mais<\/a>\t\t\t\t\t\t\t\n<div class=\"course-price\" itemprop=\"offers\" itemscope itemtype=\"http:\/\/schema.org\/Offer\">\n\n    <span class=\"course-item-price\"> <span class=\"price\">&#082;&#036; 80,00<\/span> <\/span>\n<\/div>\n\t\t\t\t\t\t<\/div>\n\n\t\t\t\t\t\t<div class=\"thim-course-content\">\n\t\t\t\t\t\t\t\n<div class=\"course-author\" itemscope itemtype=\"http:\/\/schema.org\/Person\">\n\t<a href=\"https:\/\/gourangaseva.com\/kirtan\/instructor\/jayakirtana\/\"><img decoding=\"async\" alt=\"User Avatar\" class=\"avatar\" src=\"\/\/www.gravatar.com\/avatar\/045682495856bdc5cfa28e786d5297d2?s=50&#038;r=g&#038;d=mm\" width=\"50\" height=\"50\" \/><\/a>\t<div class=\"author-contain\">\n\t\t<div class=\"value\" itemprop=\"name\">\n\t\t\t<a href=\"https:\/\/gourangaseva.com\/kirtan\/instructor\/jayakirtana\/\">Kirtana Teixeira<\/a>\t\t<\/div>\n\t<\/div>\n<\/div>\n<h2 class=\"course-title\"><a href=\"https:\/\/gourangaseva.com\/kirtan\/cursos\/become-a-php-master-and-make-money-fast\/\" rel=\"bookmark\">Become a PHP Master and Make Money Fast<\/a><\/h2>\t\t\t\t\t\t\t\t<div class=\"course-meta\">\n\t\t\t\t\t\t\t\t\t<span><i class=\"lp-icon-user\"><\/i> 28<\/span>\t\t\t\t\t\t\t\t\t\t\t\t\t\t\t\t\t\t\t\t\t\t\t\t\t\t\t<\/div>\n\t\t\t\t\t\t\t\t\t\t\t\t\t<\/div>\n\t\t\t\t\t<\/div>\n\t\t\t\t<\/div>\n\t\t\t\t\t\t\t\t\t\t\t<div class=\"lpr_course course-grid-4\">\n\t\t\t\t\t<div class=\"course-item\">\n\t\t\t\t\t\t<div class=\"course-thumbnail\">\n\t\t\t\t\t\t\t<a href=\"https:\/\/gourangaseva.com\/kirtan\/cursos\/learning-jquery-mobile-for-beginners\/\">\n\t\t\t\t\t\t\t\t<img loading=\"lazy\" decoding=\"async\" src=\"https:\/\/gourangaseva.com\/kirtan\/wp-content\/uploads\/2015\/06\/course-5-2.jpg\" alt=\"Learning jQuery Mobile for Beginners\"  width=\"400\" height=\"230\">\t\t\t\t\t\t\t<\/a>\n\n\t\t\t\t\t\t\t<a class=\"course-readmore\" href=\"https:\/\/gourangaseva.com\/kirtan\/cursos\/learning-jquery-mobile-for-beginners\/\" >Leia mais<\/a>\t\t\t\t\t\t\t\n<div class=\"course-price\" itemprop=\"offers\" itemscope itemtype=\"http:\/\/schema.org\/Offer\">\n\n    <span class=\"course-item-price\"> <span class=\"price\">&#082;&#036; 30,00<\/span> <\/span>\n<\/div>\n\t\t\t\t\t\t<\/div>\n\n\t\t\t\t\t\t<div class=\"thim-course-content\">\n\t\t\t\t\t\t\t\n<div class=\"course-author\" itemscope itemtype=\"http:\/\/schema.org\/Person\">\n\t<a href=\"https:\/\/gourangaseva.com\/kirtan\/instructor\/jayakirtana\/\"><img decoding=\"async\" alt=\"User Avatar\" class=\"avatar\" src=\"\/\/www.gravatar.com\/avatar\/045682495856bdc5cfa28e786d5297d2?s=50&#038;r=g&#038;d=mm\" width=\"50\" height=\"50\" \/><\/a>\t<div class=\"author-contain\">\n\t\t<div class=\"value\" itemprop=\"name\">\n\t\t\t<a href=\"https:\/\/gourangaseva.com\/kirtan\/instructor\/jayakirtana\/\">Kirtana Teixeira<\/a>\t\t<\/div>\n\t<\/div>\n<\/div>\n<h2 class=\"course-title\"><a href=\"https:\/\/gourangaseva.com\/kirtan\/cursos\/learning-jquery-mobile-for-beginners\/\" rel=\"bookmark\">Learning jQuery Mobile for Beginners<\/a><\/h2>\t\t\t\t\t\t\t\t<div class=\"course-meta\">\n\t\t\t\t\t\t\t\t\t<span><i class=\"lp-icon-user\"><\/i> 32<\/span>\t\t\t\t\t\t\t\t\t\t\t\t\t\t\t\t\t\t\t\t\t\t\t\t\t\t\t<\/div>\n\t\t\t\t\t\t\t\t\t\t\t\t\t<\/div>\n\t\t\t\t\t<\/div>\n\t\t\t\t<\/div>\n\t\t\t\t\t\t\t\t\t\t\t<div class=\"lpr_course course-grid-4\">\n\t\t\t\t\t<div class=\"course-item\">\n\t\t\t\t\t\t<div class=\"course-thumbnail\">\n\t\t\t\t\t\t\t<a href=\"https:\/\/gourangaseva.com\/kirtan\/cursos\/html5css3-essentials-in-4-hours\/\">\n\t\t\t\t\t\t\t\t<img decoding=\"async\" src=\"https:\/\/gourangaseva.com\/kirtan\/wp-content\/themes\/eduma\/images\/demo_images\/demo_image.jpg\" alt=\"HTML5\/CSS3 Essentials in 4-Hours\" >\t\t\t\t\t\t\t<\/a>\n\n\t\t\t\t\t\t\t<a class=\"course-readmore\" href=\"https:\/\/gourangaseva.com\/kirtan\/cursos\/html5css3-essentials-in-4-hours\/\" >Leia mais<\/a>\t\t\t\t\t\t\t\n<div class=\"course-price\" itemprop=\"offers\" itemscope itemtype=\"http:\/\/schema.org\/Offer\">\n\n    <span class=\"course-item-price\"> <span class=\"price\">&#082;&#036; 36,00<\/span> <\/span>\n<\/div>\n\t\t\t\t\t\t<\/div>\n\n\t\t\t\t\t\t<div class=\"thim-course-content\">\n\t\t\t\t\t\t\t\n<div class=\"course-author\" itemscope itemtype=\"http:\/\/schema.org\/Person\">\n\t<a href=\"https:\/\/gourangaseva.com\/kirtan\/instructor\/jayakirtana\/\"><img decoding=\"async\" alt=\"User Avatar\" class=\"avatar\" src=\"\/\/www.gravatar.com\/avatar\/045682495856bdc5cfa28e786d5297d2?s=50&#038;r=g&#038;d=mm\" width=\"50\" height=\"50\" \/><\/a>\t<div class=\"author-contain\">\n\t\t<div class=\"value\" itemprop=\"name\">\n\t\t\t<a href=\"https:\/\/gourangaseva.com\/kirtan\/instructor\/jayakirtana\/\">Kirtana Teixeira<\/a>\t\t<\/div>\n\t<\/div>\n<\/div>\n<h2 class=\"course-title\"><a href=\"https:\/\/gourangaseva.com\/kirtan\/cursos\/html5css3-essentials-in-4-hours\/\" rel=\"bookmark\">HTML5\/CSS3 Essentials in 4-Hours<\/a><\/h2>\t\t\t\t\t\t\t\t<div class=\"course-meta\">\n\t\t\t\t\t\t\t\t\t<span><i class=\"lp-icon-user\"><\/i> 26<\/span>\t\t\t\t\t\t\t\t\t\t\t\t\t\t\t\t\t\t\t\t\t\t\t\t\t\t\t<\/div>\n\t\t\t\t\t\t\t\t\t\t\t\t\t<\/div>\n\t\t\t\t\t<\/div>\n\t\t\t\t<\/div>\n\t\t\t\t\t\t\t\t\t\t\t<div class=\"lpr_course course-grid-4\">\n\t\t\t\t\t<div class=\"course-item\">\n\t\t\t\t\t\t<div class=\"course-thumbnail\">\n\t\t\t\t\t\t\t<a href=\"https:\/\/gourangaseva.com\/kirtan\/cursos\/the-art-of-black-and-white-photography\/\">\n\t\t\t\t\t\t\t\t<img loading=\"lazy\" decoding=\"async\" src=\"https:\/\/gourangaseva.com\/kirtan\/wp-content\/uploads\/2015\/12\/course-10-2.jpg\" alt=\"The Art of Black and White Photography\"  width=\"400\" height=\"230\">\t\t\t\t\t\t\t<\/a>\n\n\t\t\t\t\t\t\t<a class=\"course-readmore\" href=\"https:\/\/gourangaseva.com\/kirtan\/cursos\/the-art-of-black-and-white-photography\/\" >Leia mais<\/a>\t\t\t\t\t\t\t\n<div class=\"course-price\" itemprop=\"offers\" itemscope itemtype=\"http:\/\/schema.org\/Offer\">\n\n    <span class=\"course-item-price\"> <span class=\"price\">&#082;&#036; 55,00<\/span> <\/span>\n<\/div>\n\t\t\t\t\t\t<\/div>\n\n\t\t\t\t\t\t<div class=\"thim-course-content\">\n\t\t\t\t\t\t\t\n<div class=\"course-author\" itemscope itemtype=\"http:\/\/schema.org\/Person\">\n\t<a href=\"https:\/\/gourangaseva.com\/kirtan\/instructor\/jayakirtana\/\"><img decoding=\"async\" alt=\"User Avatar\" class=\"avatar\" src=\"\/\/www.gravatar.com\/avatar\/045682495856bdc5cfa28e786d5297d2?s=50&#038;r=g&#038;d=mm\" width=\"50\" height=\"50\" \/><\/a>\t<div class=\"author-contain\">\n\t\t<div class=\"value\" itemprop=\"name\">\n\t\t\t<a href=\"https:\/\/gourangaseva.com\/kirtan\/instructor\/jayakirtana\/\">Kirtana Teixeira<\/a>\t\t<\/div>\n\t<\/div>\n<\/div>\n<h2 class=\"course-title\"><a href=\"https:\/\/gourangaseva.com\/kirtan\/cursos\/the-art-of-black-and-white-photography\/\" rel=\"bookmark\">The Art of Black and White Photography<\/a><\/h2>\t\t\t\t\t\t\t\t<div class=\"course-meta\">\n\t\t\t\t\t\t\t\t\t<span><i class=\"lp-icon-user\"><\/i> 27<\/span>\t\t\t\t\t\t\t\t\t\t\t\t\t\t\t\t\t\t\t\t\t\t\t\t\t\t\t<\/div>\n\t\t\t\t\t\t\t\t\t\t\t\t\t<\/div>\n\t\t\t\t\t<\/div>\n\t\t\t\t<\/div>\n\t\t\t\t\t\t\t\t\t\t\t<div class=\"lpr_course course-grid-4\">\n\t\t\t\t\t<div class=\"course-item\">\n\t\t\t\t\t\t<div class=\"course-thumbnail\">\n\t\t\t\t\t\t\t<a href=\"https:\/\/gourangaseva.com\/kirtan\/cursos\/introduction-to-networking-for-beginners\/\">\n\t\t\t\t\t\t\t\t<img loading=\"lazy\" decoding=\"async\" src=\"https:\/\/gourangaseva.com\/kirtan\/wp-content\/uploads\/2015\/12\/course-16-2.jpg\" alt=\"Introduction to networking for beginners\"  width=\"400\" height=\"230\">\t\t\t\t\t\t\t<\/a>\n\n\t\t\t\t\t\t\t<a class=\"course-readmore\" href=\"https:\/\/gourangaseva.com\/kirtan\/cursos\/introduction-to-networking-for-beginners\/\" >Leia mais<\/a>\t\t\t\t\t\t\t\n<div class=\"course-price\" itemprop=\"offers\" itemscope itemtype=\"http:\/\/schema.org\/Offer\">\n\n    <span class=\"course-item-price\"> <span class=\"price\">&#082;&#036; 50,00<\/span> <\/span>\n<\/div>\n\t\t\t\t\t\t<\/div>\n\n\t\t\t\t\t\t<div class=\"thim-course-content\">\n\t\t\t\t\t\t\t\n<div class=\"course-author\" itemscope itemtype=\"http:\/\/schema.org\/Person\">\n\t<a href=\"https:\/\/gourangaseva.com\/kirtan\/instructor\/jayakirtana\/\"><img decoding=\"async\" alt=\"User Avatar\" class=\"avatar\" src=\"\/\/www.gravatar.com\/avatar\/045682495856bdc5cfa28e786d5297d2?s=50&#038;r=g&#038;d=mm\" width=\"50\" height=\"50\" \/><\/a>\t<div class=\"author-contain\">\n\t\t<div class=\"value\" itemprop=\"name\">\n\t\t\t<a href=\"https:\/\/gourangaseva.com\/kirtan\/instructor\/jayakirtana\/\">Kirtana Teixeira<\/a>\t\t<\/div>\n\t<\/div>\n<\/div>\n<h2 class=\"course-title\"><a href=\"https:\/\/gourangaseva.com\/kirtan\/cursos\/introduction-to-networking-for-beginners\/\" rel=\"bookmark\">Introduction to networking for beginners<\/a><\/h2>\t\t\t\t\t\t\t\t<div class=\"course-meta\">\n\t\t\t\t\t\t\t\t\t<span><i class=\"lp-icon-user\"><\/i> 10<\/span>\t\t\t\t\t\t\t\t\t\t\t\t\t\t\t\t\t\t\t\t\t\t\t\t\t\t\t<\/div>\n\t\t\t\t\t\t\t\t\t\t\t\t\t<\/div>\n\t\t\t\t\t<\/div>\n\t\t\t\t<\/div>\n\t\t\t\t\t\t\t\t\t\t\t<div class=\"lpr_course course-grid-4\">\n\t\t\t\t\t<div class=\"course-item\">\n\t\t\t\t\t\t<div class=\"course-thumbnail\">\n\t\t\t\t\t\t\t<a href=\"https:\/\/gourangaseva.com\/kirtan\/cursos\/your-complete-guide-to-photography\/\">\n\t\t\t\t\t\t\t\t<img loading=\"lazy\" decoding=\"async\" src=\"https:\/\/gourangaseva.com\/kirtan\/wp-content\/uploads\/2015\/11\/course-9-2.jpg\" alt=\"Your Complete Guide to Photography\"  width=\"400\" height=\"230\">\t\t\t\t\t\t\t<\/a>\n\n\t\t\t\t\t\t\t<a class=\"course-readmore\" href=\"https:\/\/gourangaseva.com\/kirtan\/cursos\/your-complete-guide-to-photography\/\" >Leia mais<\/a>\t\t\t\t\t\t\t\n<div class=\"course-price\" itemprop=\"offers\" itemscope itemtype=\"http:\/\/schema.org\/Offer\">\n\n    <span class=\"course-item-price\"> <span class=\"price\">&#082;&#036; 39,00<\/span> <\/span>\n<\/div>\n\t\t\t\t\t\t<\/div>\n\n\t\t\t\t\t\t<div class=\"thim-course-content\">\n\t\t\t\t\t\t\t\n<div class=\"course-author\" itemscope itemtype=\"http:\/\/schema.org\/Person\">\n\t<a href=\"https:\/\/gourangaseva.com\/kirtan\/instructor\/jayakirtana\/\"><img decoding=\"async\" alt=\"User Avatar\" class=\"avatar\" src=\"\/\/www.gravatar.com\/avatar\/045682495856bdc5cfa28e786d5297d2?s=50&#038;r=g&#038;d=mm\" width=\"50\" height=\"50\" \/><\/a>\t<div class=\"author-contain\">\n\t\t<div class=\"value\" itemprop=\"name\">\n\t\t\t<a href=\"https:\/\/gourangaseva.com\/kirtan\/instructor\/jayakirtana\/\">Kirtana Teixeira<\/a>\t\t<\/div>\n\t<\/div>\n<\/div>\n<h2 class=\"course-title\"><a href=\"https:\/\/gourangaseva.com\/kirtan\/cursos\/your-complete-guide-to-photography\/\" rel=\"bookmark\">Your Complete Guide to Photography<\/a><\/h2>\t\t\t\t\t\t\t\t<div class=\"course-meta\">\n\t\t\t\t\t\t\t\t\t<span><i class=\"lp-icon-user\"><\/i> 45<\/span>\t\t\t\t\t\t\t\t\t\t\t\t\t\t\t\t\t\t\t\t\t\t\t\t\t\t\t<\/div>\n\t\t\t\t\t\t\t\t\t\t\t\t\t<\/div>\n\t\t\t\t\t<\/div>\n\t\t\t\t<\/div>\n\t\t\t\t\t<\/div>\n\t\t<div class=\"number-courses\">\n\t\t\t<span class=\"course-text\">\n\t\t\t\tThere are  courses of 19\t\t\t<\/span>\n\n\t\t<\/div>\n\t\t\t<\/div>\n<\/div><\/div><\/div><\/div><\/div>","protected":false},"excerpt":{"rendered":"<p>A mrdanga teve seu advento aproximadamente quinhentos anos atr\u00e1s, por meados de 1.400, quando o Senhor Caitanya Mahaprabhu apareceu na Terra. A palavra mrdanga vem das palavras \u201cMRIT\u201d e \u201cANGA\u201d que significam \u201cbarro\u201d e \u201c corpo\u201d, respectivamente. Como se pode &hellip; <\/p>\n","protected":false},"author":2,"featured_media":0,"parent":0,"menu_order":0,"comment_status":"closed","ping_status":"closed","template":"","meta":{"footnotes":""},"class_list":["post-6317","page","type-page","status-publish","hentry"],"_links":{"self":[{"href":"https:\/\/gourangaseva.com\/kirtan\/wp-json\/wp\/v2\/pages\/6317","targetHints":{"allow":["GET"]}}],"collection":[{"href":"https:\/\/gourangaseva.com\/kirtan\/wp-json\/wp\/v2\/pages"}],"about":[{"href":"https:\/\/gourangaseva.com\/kirtan\/wp-json\/wp\/v2\/types\/page"}],"author":[{"embeddable":true,"href":"https:\/\/gourangaseva.com\/kirtan\/wp-json\/wp\/v2\/users\/2"}],"replies":[{"embeddable":true,"href":"https:\/\/gourangaseva.com\/kirtan\/wp-json\/wp\/v2\/comments?post=6317"}],"version-history":[{"count":15,"href":"https:\/\/gourangaseva.com\/kirtan\/wp-json\/wp\/v2\/pages\/6317\/revisions"}],"predecessor-version":[{"id":6995,"href":"https:\/\/gourangaseva.com\/kirtan\/wp-json\/wp\/v2\/pages\/6317\/revisions\/6995"}],"wp:attachment":[{"href":"https:\/\/gourangaseva.com\/kirtan\/wp-json\/wp\/v2\/media?parent=6317"}],"curies":[{"name":"wp","href":"https:\/\/api.w.org\/{rel}","templated":true}]}}